ite number?
True
Is 26936842099 a composite number?
False
Is 41708617 a composite number?
False
Is 17556243107 prime?
False
Is 1069249261 prime?
True
Is 13761371423 prime?
True
Is 9670602631 a composite number?
False
Is 111641611 a prime number?
True
Is 6771355763 composite?
True
Is 1340824297 prime?
True
Is 825596803 a prime number?
True
Is 1577032298 a prime number?
False
Is 831509543 a prime number?
True
Is 1498934917 a composite number?
True
Is 13468293899 composite?
False
Is 24736342453 a composite number?
False
Is 495143273 composite?
True
Is 531607019 a prime number?
False
Is 1500532639 composite?
False
Is 378899149 a composite number?
True
Is 1900512721 prime?
True
Is 351312371 a prime number?
True
Is 36340113981 a composite number?
True
Is 5539206943 composite?
False
Is 137363402317 composite?
False
Is 11508054923 a prime number?
False
Is 7743965 composite?
True
Is 946036687 composite?
False
Is 26659196579 composite?
False
Is 114450142877 a prime number?
False
Is 13540413158 a prime number?
False
Is 228143299 composite?
True
Is 157455113593 prime?
False
Is 482279381 prime?
True
Is 11820857 prime?
True
Is 2938480862 a prime number?
False
Is 55817115577 prime?
True
Is 11264123243 prime?
False
Is 98123005501 a prime number?
True
Is 44763493601 prime?
True
Is 1073921863 prime?
False
Is 55791866639 a prime number?
True
Is 174078889217 a composite number?
False
Is 3847119751 a prime number?
True
Is 113224691539 composite?
True
Is 5526656193 composite?
True
Is 6711873733 prime?
False
Is 15801497669 prime?
True
Is 6516522361 a prime number?
False
Is 915556087 composite?
False
Is 4184739067 a prime number?
False
Is 1736304049 a composite number?
True
Is 21873658309 a composite number?
False
Is 1590757807 a prime number?
True
Is 17345306579 prime?
False
Is 343146311 a prime number?
True
Is 7196199713 composite?
False
Is 920007149 a composite number?
False
Is 366365821 composite?
False
Is 347146860691 prime?
True
Is 3053576161 composite?
True
Is 3264462767 a composite number?
False
Is 902344537 composite?
True
Is 128447783 prime?
False
Is 29310791981 prime?
True
Is 17881466401 a prime number?
True
Is 36656228351 a composite number?
False
Is 4091629441 composite?
False
Is 5983907903 composite?
True
Is 73527739543 a composite number?
True
Is 20001774737 composite?
True
Is 1441765069 prime?
False
Is 88796315603 a composite number?
True
Is 831828247 a composite number?
False
Is 25030150447 a prime number?
False
Is 8058569 prime?
True
Is 4206747989 prime?
True
Is 88817835863 a prime number?
False
Is 1766882651 a composite number?
False
Is 5404024387 prime?
True
Is 377882863 composite?
True
Is 161788441 prime?
False
Is 5524483771 a composite number?
True
Is 6640585927 a prime number?
True
Is 1510662187 a prime number?
True
Is 953271871 prime?
False
Is 1672175753 a composite number?
False
Is 4757212627 a prime number?
True
Is 4771467841 composite?
True
Is 1142313439 composite?
True
Is 3607891415 a composite number?
True
Is 36674682557 prime?
False
Is 2513162791 a prime number?
True
Is 1528334347 a prime number?
True
Is 209088506507 composite?
False
Is 5404066313 a composite number?
False
Is 11769851329 prime?
False
Is 1730685191 composite?
False
Is 3123595159 composite?
False
Is 17252492137 a prime number?
False
Is 50441864651 a composite number?
False
Is 8586526747 composite?
False
Is 1460716627 composite?
False
Is 2461505677 a composite number?
True
Is 1644652039 prime?
True
Is 3258465631 composite?
False
Is 37273334587 prime?
True
Is 8825674169 a composite number?
True
Is 2199875491 prime?
False
Is 1217456431 a prime number?
True
Is 292518599 prime?
True
Is 4900527629 prime?
True
Is 1139101429 a prime number?
False
Is 6942009927 a prime number?
False
Is 2230404731 a composite number?
True
Is 6445156229 a prime number?
False
Is 2561685281 prime?
True
Is 243618712913 prime?
True
Is 95210306557 a composite number?
False
Is 1154230039 a composite number?
True
Is 45207584731 a composite number?
False
Is 186558391 composite?
True
Is 35695567603 prime?
True
Is 2139587273 a composite number?
False
Is 5194006781 composite?
False
Is 83221375253 prime?
True
Is 250515671 a composite number?
True
Is 1888552717 composite?
True
Is 177969499 a composite number?
False
Is 52888793801 a composite number?
False
Is 6633676249 a composite number?
False
Is 3470993431 a composite number?
True
Is 167974643 a composite number?
False
Is 16635035671 prime?
True
Is 1097251717 composite?
True
Is 2673131917 prime?
False
Is 996160097 composite?
False
Is 1486362095 a composite number?
True
Is 6358956251 composite?
True
Is 2048027131 a composite number?
False
Is 154071503 prime?
False
Is 305351173 prime?
False
Is 438204101 a composite number?
False
Is 7025935529 composite?
True
Is 978681883 a prime number?
True
Is 21415267729 prime?
True
Is 233951687 a composite number?
False
Is 115294389809 a prime number?
False
Is 58293501977 prime?
True
Is 18792901795 composite?
True
Is 442205081 a prime number?
True
Is 12093969611 a prime number?
False
Is 386924161 composite?
True
Is 12506799119 a composite number?
True
Is 1368037813 a composite number?
False
Is 16886278439 prime?
True
Is 2411930746 prime?
False
Is 31500787931 a prime number?
True
Is 178894231 prime?
False
Is 34969675439 composite?
False
Is 34369117 composite?
True
Is 11322655033 prime?
True
Is 23141438381 a composite number?
False
Is 2520576973 prime?
True
Is 3366447082 prime?
False
Is 5451215629 prime?
True
Is 35110685509 composite?
True
Is 1206753209 prime?
True
Is 6087071699 a prime number?
True
Is 7630503817 a prime number?
True
Is 5804712167 a composite number?
True
Is 6591897889 prime?
False
Is 947624711 composite?
True
Is 343301589349 a composite number?
False
Is 6768087643 prime?
False
Is 626843327 composite?
True
Is 1023125687 a composite number?
True
Is 10202028409 a composite number?
True
Is 18562625353 a prime number?
True
Is 22371737285 a composite number?
True
Is 1028148949 a composite number?
False
Is 291718289 a prime number?
True
Is 37930090771 a prime number?
True
Is 119506500649 composite?
True
Is 19917221801 a prime number?
False
Is 3547749527 prime?
False
Is 6239263159 a prime number?
True
Is 952494839 a composite number?
False
Is 239228498683 a composite number?
False
Is 1112387527 a prime number?
True
Is 92506855409 prime?
True
Is 8172441779 composite?
True
Is 16527437029 a composite number?
False
Is 871394683 a prime number?
False
Is 1345777073 composite?
False
Is 32803555567 a prime number?
True
Is 21809181089 prime?
False
Is 1040446313 a composite number?
False
Is 84578371 a composite number?
True
Is 760958411 a composite number?
False
Is 175446305 composite?
True
Is 1115323601 prime?
False
Is 4655182657 prime?
True
Is 1435178 prime?
False
Is 435930139 a prime number?
True
Is 382725075593 composite?
True
Is 2998269653 a prime number?
False
Is 21605076781 composite?
True
Is 3334284229 a composite number?
False
Is 7082582473 composite?
True
Is 19690292359 prime?
False
Is 352202353 prime?
True
Is 5520062237 composite?
True
Is 11164346659 composite?
True
Is 13147026889 composite?
False
Is 98972551 prime?
False
Is 12900489839 composite?
False
Is 3911100989 a composite number?
False
Is 702139411 a composite number?
True
Is 140147039 a prime number?
True
Is 2538272587 a composite number?
True
Is 1150770977 a composite number?
False
Is 394721021 prime?
False
Is 68978347 composite?
False
Is 313812769 a prime number?
True
Is 615893633 a prime number?
True
Is 141043944905 prime?
False
Is 59072993961 composite?
True
Is 657538781 prime?
True
Is 1824574879 composite?
True
Is 35584678889 prime?
True
Is 10169452873 composite?
False
Is 32090113103 a composite number?
False
Is 31025797801 prime?
False
Is 200584991 a composite number?
False
Is 1802779694 prime?
False
Is 4888392043 prime?
True
Is 17111691109 a prime number?
True
Is 1920101 a prime number?
True
Is 796407457 a prime number?
False
Is 942297487 prime?
False
Is 403338451 a composite number?
False
Is 525627673 a prime number?
False
Is 6235095187 a prime number?
True
Is 51010070131 composite?
False
Is 15520621339 a prime number?
True
Is 6446248423 a composite number?
False
Is 40576472101 a composite number?
True
Is 1066803299 a prime number?
False
Is 713930